{"id":114,"date":"2017-01-09T14:07:44","date_gmt":"2017-01-09T13:07:44","guid":{"rendered":"https:\/?post_type=product&#038;p=114"},"modified":"2019-05-18T23:14:20","modified_gmt":"2019-05-18T21:14:20","slug":"coque-en-bois-wenge-noir-smartphone-bords-noir","status":"publish","type":"product","link":"https:\/\/cedric-devarenne.com\/demo\/dalisier\/fr\/boutique\/coque-en-bois-wenge-noir-smartphone-bords-noir\/","title":{"rendered":"Coque en bois weng\u00e9 noir SmartPhone bords noir"},"content":{"rendered":"<p>Coque en bois weng\u00e9 noir SmartPhone bords noir<\/p>\n<p>description longue<\/p>\n<p>&nbsp;<\/p>\n<h3>Informations d\u00e9taill\u00e9es<\/h3>\n<p>\u2022 Sp\u00e9cialement adapt\u00e9e aux dimensions de l&#8217;iPhone 6<br \/>\n\u2022 \u00c9paisseur de seulement 0,3 mm<br \/>\n\u2022 Poids : seulement 4 grammes<br \/>\n\u2022 Conception \u00e0 partir de polycarbonate souple, ultra l\u00e9ger, et ultra fin<br \/>\n\u2022 R\u00e9siste aux rayures<br \/>\n\u2022 Protection de la face arri\u00e8re et des contours du smartphone<br \/>\n\u2022 Installation facile et rapide<br \/>\n\u2022 Acc\u00e8s \u00e0 l&#8217;ensemble des commandes et de la connectique<br \/>\n\u2022 D\u00e9coupes adapt\u00e9es \u00e0 la cam\u00e9ra arri\u00e8re et au flash LED de l&#8217;iPhone<br \/>\n\u2022 Coloris : noir<\/p>\n<div style=\"clear:both\"><\/div><div class=\"crunchify-social\"><!-- Social Sharing Buttons Plugin without any Java Script Loading by Crunchify.com - START--><h5><\/h5><a class=\"crunchify-link crunchify-facebook\" href=\"https:\/\/www.facebook.com\/sharer\/sharer.php?u=https:\/\/cedric-devarenne.com\/demo\/dalisier\/fr\/boutique\/coque-en-bois-wenge-noir-smartphone-bords-noir\/\" target=\"_blank\" >Facebook<\/a><a class=\"crunchify-link crunchify-twitter\" href=\"https:\/\/twitter.com\/intent\/tweet?text=Coque%20en%20bois%20weng\u00e9%20noir%20SmartPhone%20bords%20noir&amp;url=https:\/\/cedric-devarenne.com\/demo\/dalisier\/fr\/boutique\/coque-en-bois-wenge-noir-smartphone-bords-noir\/&amp;via=\" target=\"_blank\" >Twitter<\/a><a class=\"crunchify-link crunchify-googleplus\" href=\"https:\/\/plus.google.com\/share?url=https:\/\/cedric-devarenne.com\/demo\/dalisier\/fr\/boutique\/coque-en-bois-wenge-noir-smartphone-bords-noir\/\" target=\"_blank\" >Google+<\/a><a class=\"crunchify-link crunchify-linkedin\" href=\"https:\/\/www.linkedin.com\/shareArticle?mini=true&url=https:\/\/cedric-devarenne.com\/demo\/dalisier\/fr\/boutique\/coque-en-bois-wenge-noir-smartphone-bords-noir\/&amp;title=Coque%20en%20bois%20weng\u00e9%20noir%20SmartPhone%20bords%20noir\" target=\"_blank\" >LinkedIn<\/a><a class=\"crunchify-link crunchify-pinterest\" href=\"https:\/\/pinterest.com\/pin\/create\/button\/?url=https:\/\/cedric-devarenne.com\/demo\/dalisier\/fr\/boutique\/coque-en-bois-wenge-noir-smartphone-bords-noir\/&amp;media=https:\/\/cedric-devarenne.com\/demo\/dalisier\/wp-content\/uploads\/2017\/01\/coque-en-bois-wenge-noir-bords-noir-face.jpg&amp;description=Coque%20en%20bois%20weng\u00e9%20noir%20SmartPhone%20bords%20noir\" target=\"_blank\" >Pin It<\/a><a class=\"crunchify-link crunchify-email\" href=\"mailto:?subject=Coque%20en%20bois%20weng\u00e9%20noir%20SmartPhone%20bords%20noir&amp;body=Check out this site: https:\/\/cedric-devarenne.com\/demo\/dalisier\/fr\/boutique\/coque-en-bois-wenge-noir-smartphone-bords-noir\/\" title=\"Share by Email\" target=\"_blank\" >Email<\/a><!-- Social Sharing Buttons Plugin - END--><\/div><div style=\"clear:both\"><\/div>","protected":false},"excerpt":{"rendered":"<p>description courte<\/p>\n<p>shift+entr\u00e9e pour des petits \u00e0 la ligne<br \/>\nhop<\/p>\n<p>&nbsp;<\/p>\n","protected":false},"featured_media":115,"comment_status":"open","ping_status":"closed","template":"","meta":[],"product_brand":[],"product_cat":[24,26],"product_tag":[76,93,32,34,83,70,97,85,95],"class_list":{"0":"post-114","1":"product","2":"type-product","3":"status-publish","4":"has-post-thumbnail","6":"product_cat-coque-en-bois-fr","7":"product_cat-telephone-mobile-fr","8":"product_tag-bois-wenge","9":"product_tag-bords-noir","10":"product_tag-coque-fr","11":"product_tag-mobile-fr","12":"product_tag-naturel","13":"product_tag-noir","14":"product_tag-protection","15":"product_tag-smartphone-fr","16":"product_tag-telephone","18":"first","19":"instock","20":"sale","21":"taxable","22":"shipping-taxable","23":"purchasable","24":"product-type-simple"},"aioseo_notices":[],"_links":{"self":[{"href":"https:\/\/cedric-devarenne.com\/demo\/dalisier\/wp-json\/wp\/v2\/product\/114","targetHints":{"allow":["GET"]}}],"collection":[{"href":"https:\/\/cedric-devarenne.com\/demo\/dalisier\/wp-json\/wp\/v2\/product"}],"about":[{"href":"https:\/\/cedric-devarenne.com\/demo\/dalisier\/wp-json\/wp\/v2\/types\/product"}],"replies":[{"embeddable":true,"href":"https:\/\/cedric-devarenne.com\/demo\/dalisier\/wp-json\/wp\/v2\/comments?post=114"}],"wp:featuredmedia":[{"embeddable":true,"href":"https:\/\/cedric-devarenne.com\/demo\/dalisier\/wp-json\/wp\/v2\/media\/115"}],"wp:attachment":[{"href":"https:\/\/cedric-devarenne.com\/demo\/dalisier\/wp-json\/wp\/v2\/media?parent=114"}],"wp:term":[{"taxonomy":"product_brand","embeddable":true,"href":"https:\/\/cedric-devarenne.com\/demo\/dalisier\/wp-json\/wp\/v2\/product_brand?post=114"},{"taxonomy":"product_cat","embeddable":true,"href":"https:\/\/cedric-devarenne.com\/demo\/dalisier\/wp-json\/wp\/v2\/product_cat?post=114"},{"taxonomy":"product_tag","embeddable":true,"href":"https:\/\/cedric-devarenne.com\/demo\/dalisier\/wp-json\/wp\/v2\/product_tag?post=114"}],"curies":[{"name":"wp","href":"https:\/\/api.w.org\/{rel}","templated":true}]}}