{"id":3536,"date":"2013-12-08T15:46:37","date_gmt":"2013-12-08T15:46:37","guid":{"rendered":"https:\/\/cedric-devarenne.com\/demo\/gaijin\/?page_id=3536"},"modified":"2013-12-08T15:46:37","modified_gmt":"2013-12-08T15:46:37","slug":"guides-pour-le-japon","status":"publish","type":"page","link":"https:\/\/cedric-devarenne.com\/demo\/gaijin\/guides-pour-le-japon\/","title":{"rendered":"Guides pour le Japon"},"content":{"rendered":"<p style=\"text-align: justify;\"><strong>Bonjour \u00e0 tous, sur cette page vous retrouverez l&rsquo;ensemble des guides que je r\u00e9dige sur le Japon et qui sont destin\u00e9s \u00e0 vous aider \u00e0 profiter de votre s\u00e9jour au pays du soleil levant, et ce quelque soit sa dur\u00e9e et son but. Voici donc mes guides:<\/strong><\/p>\n<p style=\"text-align: justify;\">\n<h1 style=\"text-align: justify;\">Les transports au Japon<\/h1>\n<p style=\"text-align: justify;\">Un guide totalement gratuit qui vous expliquent le fonctionnement de tous les modes de transports au Japon (avions, voitures, trains, m\u00e9tros, taxis, bus, v\u00e9los, &#8230;). Tout y est pass\u00e9 en revue afin que vous ne soyez plus perdu au pays du soleil levant: <a title=\"Guide des transports \u00e0 Tokyo et au Japon : un guide gratuit\" href=\"\/?p=1961\">https:\/\/cedric-devarenne.com\/demo\/gaijin\/guide-des-transports-a-tokyo-et-au-japon-un-guide-gratuit\/<\/a><\/p>\n<p style=\"text-align: center;\"><a href=\"\/?p=1961\"><img loading=\"lazy\" decoding=\"async\" class=\"aligncenter size-full wp-image-2420\" alt=\"Guide des transports 250 X 351.jpg\" src=\"https:\/\/cedric-devarenne.com\/demo\/gaijin\/wp-content\/uploads\/2013\/05\/Guide-des-transports-250-X-351.jpg.png\" width=\"250\" height=\"351\" \/><\/a><\/p>\n<h1 style=\"text-align: justify;\">Professeur de fran\u00e7ais au Japon<\/h1>\n<p style=\"text-align: justify;\">Pour beaucoup c&rsquo;est la meilleure solution pour gagner un peu d&rsquo;argent, arrondir ses fins de mois ou m\u00eame plus encore: devenir professeur de fran\u00e7ais au Japon. Voici donc mon guide dans lequel je vous explique en d\u00e9tail la m\u00e9thode que j&rsquo;ai mis en place pour r\u00e9ussir dans cette activit\u00e9 et \u00e0 mon compte: <a title=\"Devenir professeur ou tuteur de fran\u00e7ais au Japon \u2013 le guide complet\" href=\"\/?p=2384\">https:\/\/cedric-devarenne.com\/demo\/gaijin\/devenir-professeur-ou-tuteur-de-francais-au-japon-le-guide-complet\/<\/a><\/p>\n<p style=\"text-align: justify;\">\n<p style=\"text-align: center;\"><a href=\"\/?p=2384\"><img loading=\"lazy\" decoding=\"async\" class=\"aligncenter size-medium wp-image-2381\" alt=\"cover guide prof de fran\u00e7ais\" src=\"https:\/\/cedric-devarenne.com\/demo\/gaijin\/wp-content\/uploads\/2013\/05\/cover-guide-prof-de-fran\u00e7ais-212x300.jpg\" width=\"212\" height=\"300\" \/><\/a><\/p>\n<p style=\"text-align: justify;\">\n","protected":false},"excerpt":{"rendered":"<p>Bonjour \u00e0 tous, sur cette page vous retrouverez l&rsquo;ensemble des guides que je r\u00e9dige sur le Japon et qui sont destin\u00e9s \u00e0 vous aider \u00e0 profiter de votre s\u00e9jour au pays du soleil levant, et ce quelque soit sa dur\u00e9e et son but. Voici donc mes guides: Les transports au Japon Un guide totalement gratuit &hellip;<\/p>\n","protected":false},"author":2,"featured_media":0,"parent":0,"menu_order":0,"comment_status":"open","ping_status":"open","template":"","meta":{"footnotes":""},"yst_prominent_words":[],"class_list":["post-3536","page","type-page","status-publish",""],"_links":{"self":[{"href":"https:\/\/cedric-devarenne.com\/demo\/gaijin\/wp-json\/wp\/v2\/pages\/3536","targetHints":{"allow":["GET"]}}],"collection":[{"href":"https:\/\/cedric-devarenne.com\/demo\/gaijin\/wp-json\/wp\/v2\/pages"}],"about":[{"href":"https:\/\/cedric-devarenne.com\/demo\/gaijin\/wp-json\/wp\/v2\/types\/page"}],"author":[{"embeddable":true,"href":"https:\/\/cedric-devarenne.com\/demo\/gaijin\/wp-json\/wp\/v2\/users\/2"}],"replies":[{"embeddable":true,"href":"https:\/\/cedric-devarenne.com\/demo\/gaijin\/wp-json\/wp\/v2\/comments?post=3536"}],"version-history":[{"count":0,"href":"https:\/\/cedric-devarenne.com\/demo\/gaijin\/wp-json\/wp\/v2\/pages\/3536\/revisions"}],"wp:attachment":[{"href":"https:\/\/cedric-devarenne.com\/demo\/gaijin\/wp-json\/wp\/v2\/media?parent=3536"}],"wp:term":[{"taxonomy":"yst_prominent_words","embeddable":true,"href":"https:\/\/cedric-devarenne.com\/demo\/gaijin\/wp-json\/wp\/v2\/yst_prominent_words?post=3536"}],"curies":[{"name":"wp","href":"https:\/\/api.w.org\/{rel}","templated":true}]}}