{"id":4044,"date":"2014-02-09T15:06:47","date_gmt":"2014-02-09T15:06:47","guid":{"rendered":"https:\/\/cedric-devarenne.com\/demo\/gaijin\/?page_id=4044"},"modified":"2014-02-09T15:06:47","modified_gmt":"2014-02-09T15:06:47","slug":"choisir-sa-place-davion-conseils-pratiques","status":"publish","type":"page","link":"https:\/\/cedric-devarenne.com\/demo\/gaijin\/choisir-sa-place-davion-conseils-pratiques\/","title":{"rendered":"Choisir sa place d\u2019avion : conseils pratiques"},"content":{"rendered":"<p style=\"text-align: justify;\"><b>Choisir sa place d\u2019avion\u00a0: conseils pratiques<\/b><\/p>\n<p style=\"text-align: justify;\"><b>Voici un \u00e9l\u00e9ment que peu de personnes prennent en compte lors de leurs r\u00e9servations de billets d\u2019avion, mais qui peut avoir des cons\u00e9quences sur votre vol et sa qualit\u00e9, notamment sur les vols au long court. Voici donc comment bien choisir son si\u00e8ge pour un vol agr\u00e9able\u00a0:<\/b><\/p>\n<p style=\"text-align: justify;\">&#8211; <b>Pensez \u00e0 r\u00e9server\u00a0!<\/b> Les meilleures places partent rapidement. D\u00e8s l\u2019achat de votre billet, pensez \u00e0 v\u00e9rifier les places disponibles et \u00e0 r\u00e9server la votre, si possible. Sinon, attendez l\u2019ouverture des r\u00e9servations des si\u00e8ges et faites la votre \u00e0 ce moment l\u00e0. En g\u00e9n\u00e9ral cela est possible au moins 15 jours avant le d\u00e9part. Des fois, cela est possible uniquement lors de l\u2019enregistrement des bagages. Dans ces cas l\u00e0, arrivez t\u00f4t \u00e0 l\u2019enregistrement pour avoir plus de choix.<\/p>\n<p style=\"text-align: justify;\">&#8211; <b>Pensez aux issues de secours\u00a0!<\/b> Vous voyagez en classe \u00e9conomique mais vous n\u2019aimez pas \u00eatre serr\u00e9 \u00e0 vos voisins et avoir le si\u00e8ge de devant trop proche du votre\u00a0? Les si\u00e8ges \u00e0 c\u00f4t\u00e9s des issues de secours offrent un grand espace pour pouvoir allonger vos jambes et ne pas avoir le voisin de devant qui baisse son si\u00e8ge sur vous. Toutefois, pour avoir un si\u00e8ge proche des issues de secours vous devez obligatoirement \u00eatre en bonne sant\u00e9 et r\u00e9actif en cas de probl\u00e8me durant le vol.<\/p>\n<p style=\"text-align: justify;\">&#8211; <b>Si\u00e8ge avec hublot\u00a0?<\/b> L\u2019avantage ici est que vous avez une vue sur l\u2019ext\u00e9rieur ce qui peut-\u00eatre rassurant et aussi vous offrir une sorte d\u2019\u00e9vasion durant votre vol. Autre avantage, vous pouvez facilement mettre votre oreiller contre le hublot pour dormir plus confortablement. Enfin, vous ne serez pas d\u00e9rang\u00e9 par vos voisins qui veulent aller aux toilettes. Toutefois, cela peut aussi avoir des inconv\u00e9nients. Vous devrez d\u00e9ranger vos voisins lorsque vous voudrez aller aux toilettes<\/p>\n<p style=\"text-align: justify;\">&#8211; <b>Si\u00e8ge sans hublot\u00a0?<\/b> Sur ces si\u00e8ges l\u00e0, en g\u00e9n\u00e9ral, on se sent plus facilement enferm\u00e9. C\u2019est pour cela qu\u2019ils sont les moins pris\u00e9s. Ils ont quand m\u00eame l\u2019avantage, surtout lorsque vous \u00eates du c\u00f4t\u00e9 du couloir, que vous n\u2019avez personne \u00e0 d\u00e9ranger lorsque vous avez besoin d\u2019aller aux toilettes. Ceci apporte aussi un inconv\u00e9nient\u00a0: vos voisins risquent de vous d\u00e9ranger lorsqu\u2019ils devront faire leurs besoins.<\/p>\n<p style=\"text-align: justify;\">&#8211; <b>Avant ou arri\u00e8re de l\u2019appareil\u00a0?<\/b> Personnellement, je pr\u00e9f\u00e8re l\u2019avant de l\u2019appareil car il y \u00e0 beaucoup moins de turbulences, surtout sur les petits appareils, qu\u2019\u00e0 l\u2019arri\u00e8re de l\u2019avion.\u00a0 Le vol y est, en g\u00e9n\u00e9ral plus agr\u00e9able. Autre point positif, au moment de sortir de l\u2019avion, vous serez parmi les premiers, et de ce fait, vous pourrez \u00e9viter les longues files d\u2019attentes \u00e0 la douane.<\/p>\n<p style=\"text-align: justify;\"><strong>Voici donc pour ma liste de conseils pour la s\u00e9lection de votre si\u00e8ge. Maintenant, il reste la question du <a title=\"Gestion du d\u00e9calage horaire et du vol : conseils utiles\" href=\"\/?page_id=4046\" target=\"_blank\">d\u00e9calage horaire<\/a>, notamment sur les vols longs dur\u00e9es.<\/strong><\/p>\n","protected":false},"excerpt":{"rendered":"<p>Choisir sa place d\u2019avion\u00a0: conseils pratiques Voici un \u00e9l\u00e9ment que peu de personnes prennent en compte lors de leurs r\u00e9servations de billets d\u2019avion, mais qui peut avoir des cons\u00e9quences sur votre vol et sa qualit\u00e9, notamment sur les vols au long court. Voici donc comment bien choisir son si\u00e8ge pour un vol agr\u00e9able\u00a0: &#8211; Pensez &hellip;<\/p>\n","protected":false},"author":2,"featured_media":0,"parent":0,"menu_order":0,"comment_status":"open","ping_status":"open","template":"","meta":{"footnotes":""},"yst_prominent_words":[],"class_list":["post-4044","page","type-page","status-publish",""],"_links":{"self":[{"href":"https:\/\/cedric-devarenne.com\/demo\/gaijin\/wp-json\/wp\/v2\/pages\/4044","targetHints":{"allow":["GET"]}}],"collection":[{"href":"https:\/\/cedric-devarenne.com\/demo\/gaijin\/wp-json\/wp\/v2\/pages"}],"about":[{"href":"https:\/\/cedric-devarenne.com\/demo\/gaijin\/wp-json\/wp\/v2\/types\/page"}],"author":[{"embeddable":true,"href":"https:\/\/cedric-devarenne.com\/demo\/gaijin\/wp-json\/wp\/v2\/users\/2"}],"replies":[{"embeddable":true,"href":"https:\/\/cedric-devarenne.com\/demo\/gaijin\/wp-json\/wp\/v2\/comments?post=4044"}],"version-history":[{"count":0,"href":"https:\/\/cedric-devarenne.com\/demo\/gaijin\/wp-json\/wp\/v2\/pages\/4044\/revisions"}],"wp:attachment":[{"href":"https:\/\/cedric-devarenne.com\/demo\/gaijin\/wp-json\/wp\/v2\/media?parent=4044"}],"wp:term":[{"taxonomy":"yst_prominent_words","embeddable":true,"href":"https:\/\/cedric-devarenne.com\/demo\/gaijin\/wp-json\/wp\/v2\/yst_prominent_words?post=4044"}],"curies":[{"name":"wp","href":"https:\/\/api.w.org\/{rel}","templated":true}]}}